er when 41201 is divided by 64?
49
Calculate the remainder when 5391 is divided by 2686.
19
What is the remainder when 5585 is divided by 449?
197
What is the remainder when 765910 is divided by 679?
677
What is the remainder when 209777 is divided by 26222?
1
What is the remainder when 82696 is divided by 10337?
0
Calculate the remainder when 4437 is divided by 4401.
36
Calculate the remainder when 4059 is divided by 1965.
129
Calculate the remainder when 8170 is divided by 141.
133
What is the remainder when 6998 is divided by 137?
11
Calculate the remainder when 1890 is divided by 1154.
736
Calculate the remainder when 2535 is divided by 72.
15
Calculate the remainder when 7755 is divided by 932.
299
Calculate the remainder when 117168 is divided by 126.
114
What is the remainder when 5152 is divided by 365?
42
Calculate the remainder when 23463 is divided by 285.
93
Calculate the remainder when 153648 is divided by 25.
23
Calculate the remainder when 3457 is divided by 587.
522
Calculate the remainder when 175971 is divided by 25138.
5
What is the remainder when 3302247 is divided by 25?
22
What is the remainder when 160423 is divided by 468?
367
What is the remainder when 62009 is divided by 18?
17
What is the remainder when 17270 is divided by 4313?
18
Calculate the remainder when 44175 is divided by 74.
71
Calculate the remainder when 1550 is divided by 1302.
248
What is the remainder when 68996 is divided by 22987?
35
What is the remainder when 83603 is divided by 23?
21
What is the remainder when 2967 is divided by 316?
123
Calculate the remainder when 3183 is divided by 9.
6
Calculate the remainder when 203260 is divided by 3332.
8
What is the remainder when 30115 is divided by 10037?
4
What is the remainder when 43554 is divided by 354?
12
Calculate the remainder when 737 is divided by 692.
45
What is the remainder when 149617 is divided by 53?
51
Calculate the remainder when 1632 is divided by 80.
32
Calculate the remainder when 1364 is divided by 380.
224
What is the remainder when 120558 is divided by 22?
20
What is the remainder when 58987 is divided by 10?
7
Calculate the remainder when 21660 is divided by 4697.
2872
What is the remainder when 807186 is divided by 2?
0
What is the remainder when 42619 is divided by 1468?
47
What is the remainder when 8254 is divided by 3995?
264
Calculate the remainder when 449281 is divided by 105.
91
Calculate the remainder when 126749 is divided by 35.
14
What is the remainder when 280529 is divided by 157?
127
What is the remainder when 68631 is divided by 7?
3
What is the remainder when 6669 is divided by 288?
45
Calculate the remainder when 9451 is divided by 80.
11
What is the remainder when 44844 is divided by 11?
8
Calculate the remainder when 12587 is divided by 1274.
1121
Calculate the remainder when 29196 is divided by 1619.
54
What is the remainder when 1267 is divided by 9?
7
What is the remainder when 11709 is divided by 450?
9
What is the remainder when 6191973 is divided by 12?
9
What is the remainder when 4037 is divided by 213?
203
What is the remainder when 158064 is divided by 15805?
14
Calculate the remainder when 14793 is divided by 572.
493
What is the remainder when 43220 is divided by 5401?
12
Calculate the remainder when 52888 is divided by 43.
41
What is the remainder when 112800 is divided by 22554?
30
What is the remainder when 198417 is divided by 49603?
5
What is the remainder when 2033 is divided by 43?
12
Calculate the remainder when 13097 is divided by 102.
41
What is the remainder when 60825 is divided by 156?
141
What is the remainder when 3694 is divided by 21?
19
What is the remainder when 26301 is divided by 4369?
87
What is the remainder when 72559 is divided by 32?
15
What is the remainder when 14968 is divided by 1151?
5
What is the remainder when 18078 is divided by 113?
111
Calculate the remainder when 39575 is divided by 20.
15
What is the remainder when 388698 is divided by 108?
6
What is the remainder when 58881 is divided by 18?
3
Calculate the remainder when 18212 is divided by 137.
128
Calculate the remainder when 26814 is divided by 3735.
669
Calculate the remainder when 7316 is divided by 14.
8
Calculate the remainder when 339143 is divided by 646.
639
Calculate the remainder when 3210164 is divided by 553.
552
Calculate the remainder when 11543 is divided by 641.
5
What is the remainder when 1021132 is divided by 145874?
14
What is the remainder when 970 is divided by 16?
10
What is the remainder when 281434 is divided by 27?
13
What is the remainder when 291399 is divided by 94?
93
What is the remainder when 5695 is divided by 538?
315
What is the remainder when 21401 is divided by 859?
785
Calculate the remainder when 4616 is divided by 1148.
24
What is the remainder when 210361 is divided by 134?
115
Calculate the remainder when 4170 is divided by 202.
130
What is the remainder when 7059 is divided by 7022?
37
Calculate the remainder when 73767 is divided by 453.
381
Calculate the remainder when 863 is divided by 19.
8
What is the remainder when 81854 is divided by 20?
14
What is the remainder when 7193 is divided by 2387?
32
What is the remainder when 44681 is divided by 677?
676
What is the remainder when 122780 is divided by 6137?
40
What is the remainder when 2027 is divided by 671?
14
Calculate the remainder when 17517 is divided by 120.
117
What is the remainder when 12753 is divided by 359?
188
Calculate the remainder when 161383 is divided by 7.
5
Calculate the remainder when 68893 is divided by 96.
61
What is the remainder when 17997 is divided by 80?
77
Calculate the remainder when 3202 is divided by 6.
4
Calculate the remainder when 1800802 is divided by 47.
44
What is the remainder when 58424 is divided by 285?
284
What is the remainder when 25375 is divided by 5075?
0
Calculate the remainder when 401661 is divided by 915.
891
Calculate the remainder when 84394 is divided by 191.
163
What is the remainder when 11197 is divided by 3696?
109
Calculate the remainder when 252 is divided by 48.
12
Calculate the remainder when 5684 is divided by 2066.
1552
Calculate the remainder when 95912 is divided by 333.
8
Calculate the remainder when 12295 is divided by 60.
55
Calculate the remainder when 21848 is divided by 3.
2
Calculate the remainder when 11128 is divided by 36.
4
Calculate the remainder when 2173 is divided by 63.
31
What is the remainder when 432 is divided by 265?
167
Calculate the remainder when 27053 is divided by 152.
149
Calculate the remainder when 13023 is divided by 129.
123
Calculate the remainder when 29845 is divided by 221.
10
What is the remainder when 14409 is divided by 33?
21
What is the remainder when 4257 is divided by 2847?
1410
Calculate the remainder when 434894 is divided by 616.
614
Calculate the remainder when 2017563 is divided by 9.
6
What is the remainder when 32015 is divided by 478?
467
Calculate the remainder when 37335 is divided by 157.
126
What is the remainder when 1168551 is divided by 361?
355
Calculate the remainder when 103612 is divided by 23.
20
What is the remainder when 202088 is divided by 15542?
42
What is the remainder when 845332 is divided by 76847?
15
Calculate the remainder when 317827 is divided by 317778.
49
What is the remainder when 448807 is divided by 370?
367
What is the remainder when 2148 is divided by 319?
234
What is the remainder when 3278 is divided by 1650?
1628
Calculate the remainder when 1781630 is divided by 32.
30
What is the remainder when 7707 is divided by 323?
278
Calculate the remainder when 7154 is divided by 1495.
1174
What is the remainder when 1182 is divided by 276?
78
Calculate the remainder when 4264 is divided by 325.
39
Calculate the remainder when 7227 is divided by 381.
369
Calculate the remainder when 13502 is divided by 3354.
86
What is the remainder when 4632 is divided by 45?
42
What is the remainder when 518 is divided by 442?
76
Calculate the remainder when 2358 is divided by 121.
59
What is the remainder when 3887 is divided by 118?
111
Calculate the remainder when 25791 is divided by 781.
18
What is the remainder when 7044 is divided by 182?
128
What is the remainder when 17311 is divided by 38?
21
Calculate the remainder when